{"id":63,"date":"2016-07-21T15:36:17","date_gmt":"2016-07-21T15:36:17","guid":{"rendered":"http:\/\/demo.hashthemes.com\/total\/?page_id=63"},"modified":"2025-05-20T15:24:19","modified_gmt":"2025-05-20T13:24:19","slug":"brayden-charles","status":"publish","type":"page","link":"https:\/\/virszallas.com\/?page_id=63","title":{"rendered":"Magyar Nagyk\u00f6vets\u00e9g"},"content":{"rendered":"\n<p>Z\u00e1gr\u00e1b<br>C\u00edm: 10000 Zagreb, Jabukovac 2.<\/p>\n\n\n\n<p class=\"has-vivid-red-color has-text-color has-link-color wp-elements-5e12aca702e171084b6044f1544c49a5\"><strong>Bajba jutott magyar \u00e1llampolg\u00e1rok r\u00e9sz\u00e9re: +36 80 36 80 36<\/strong><\/p>\n\n\n\n<p>Misszi\u00f3vezet\u0151:<br>dr. Demcs\u00e1k Csaba,<br>rendk\u00edv\u00fcli \u00e9s meghatalmazott nagyk\u00f6vet<\/p>\n\n\n\n<p>Email: mission.zgb[at]mfa.gov.hu<br>Konzuli Oszt\u00e1ly: consulate.zgb[at]mfa.gov.hu<\/p>\n\n\n\n<p>Konzuli Oszt\u00e1ly telefon:<\/p>\n\n\n\n<p>00 385 1 4890 906<br>00 385 1 4890 918<\/p>\n\n\n\n<figure class=\"wp-block-image size-full\"><img loading=\"lazy\" decoding=\"async\" width=\"808\" height=\"607\" src=\"http:\/\/dev.virszallas.com\/wp-content\/uploads\/2025\/05\/hm-nagykovetseg-zagrab.jpg\" alt=\"\" class=\"wp-image-882\" srcset=\"https:\/\/virszallas.com\/wp-content\/uploads\/2025\/05\/hm-nagykovetseg-zagrab.jpg 808w, https:\/\/virszallas.com\/wp-content\/uploads\/2025\/05\/hm-nagykovetseg-zagrab-300x225.jpg 300w, https:\/\/virszallas.com\/wp-content\/uploads\/2025\/05\/hm-nagykovetseg-zagrab-768x577.jpg 768w\" sizes=\"auto, (max-width: 808px) 100vw, 808px\" \/><\/figure>\n","protected":false},"excerpt":{"rendered":"<p>Magyar Nagyk\u00f6vets\u00e9g &#8211; Horv\u00e1torsz\u00e1g<\/p>\n","protected":false},"author":1,"featured_media":877,"parent":0,"menu_order":0,"comment_status":"closed","ping_status":"closed","template":"","meta":{"ngg_post_thumbnail":0,"footnotes":""},"class_list":["post-63","page","type-page","status-publish","has-post-thumbnail","hentry"],"_links":{"self":[{"href":"https:\/\/virszallas.com\/index.php?rest_route=\/wp\/v2\/pages\/63","targetHints":{"allow":["GET"]}}],"collection":[{"href":"https:\/\/virszallas.com\/index.php?rest_route=\/wp\/v2\/pages"}],"about":[{"href":"https:\/\/virszallas.com\/index.php?rest_route=\/wp\/v2\/types\/page"}],"author":[{"embeddable":true,"href":"https:\/\/virszallas.com\/index.php?rest_route=\/wp\/v2\/users\/1"}],"replies":[{"embeddable":true,"href":"https:\/\/virszallas.com\/index.php?rest_route=%2Fwp%2Fv2%2Fcomments&post=63"}],"version-history":[{"count":2,"href":"https:\/\/virszallas.com\/index.php?rest_route=\/wp\/v2\/pages\/63\/revisions"}],"predecessor-version":[{"id":884,"href":"https:\/\/virszallas.com\/index.php?rest_route=\/wp\/v2\/pages\/63\/revisions\/884"}],"wp:featuredmedia":[{"embeddable":true,"href":"https:\/\/virszallas.com\/index.php?rest_route=\/wp\/v2\/media\/877"}],"wp:attachment":[{"href":"https:\/\/virszallas.com\/index.php?rest_route=%2Fwp%2Fv2%2Fmedia&parent=63"}],"curies":[{"name":"wp","href":"https:\/\/api.w.org\/{rel}","templated":true}]}}